factor of 35 and l?
5
Let y be (3*(-1140)/(-54))/(1/9). Calculate the highest common factor of y and 1596.
114
Suppose -11*i = -6*i + 20*i - 28125. What is the greatest common factor of i and 135?
45
Suppose -2*x - 5*u = -917, 1479*u = 4*x + 1480*u - 1825. What is the highest common divisor of 168 and x?
24
Suppose 26*s - 11340 = -55*s. Let p be -1 + (-118 - -4)/(-2). Calculate the greatest common factor of p and s.
28
Let d = -4017 + 4409. Suppose -3*v - 67 = -214. What is the highest common divisor of v and d?
49
Let h(v) = -2*v + 23. Let r = -335 + 343. Let s be h(r). Calculate the highest common divisor of s and 77.
7
Suppose -87 + 1226 = 4*n - 3*k, n - 5*k = 255. What is the greatest common divisor of n and 377?
29
Suppose -128*k + 95*k = -1518. Calculate the highest common factor of k and 138.
46
Let i(p) = -p**2 + 7*p - 3. Let z be i(1). Let n(t) = 15*t**3 + 4*t**2 - 6*t - 7. Let y be n(z). What is the highest common divisor of y and 52?
52
Suppose -3*z - u = -135, -3*u = -z + 379 - 354. Calculate the greatest common factor of 18619 and z.
43
Let k = -1353 + 1439. What is the highest common divisor of k and 7138?
86
Suppose -4*u - u + 25 = 0. Suppose 0 = 6*z - z - u, 4*t = -z + 161. Suppose 0 = -36*x + 49*x - 104. Calculate the highest common divisor of t and x.
8
Let g = -8451 - -8466. Let s = -7 - -27. What is the greatest common divisor of s and g?
5
Suppose 3*d = -2*j - 3*j + 116, -103 = -4*j + d. Let w(a) = a**3 + 6*a**2 + 18*a - 65. Let z be w(6). Calculate the greatest common divisor of z and j.
25
Let p(k) = -2*k**2 + 87*k + 2535. Let l be p(63). What is the highest common factor of 429 and l?
39
Let d(n) = n**3 - 8*n**2 + 20*n - 13. Let u be d(6). Calculate the highest common factor of 340 and u.
5
Let h(b) = 35*b**2 - 187*b + 42. Let g be h(6). What is the highest common factor of 920 and g?
20
Suppose i + 4*g = -4*i + 1369, i + g - 274 = 0. Let c = -253 + i. What is the greatest common divisor of c and 20?
20
Suppose 2*p + 21 = 3*p. Let s be 0 + (42/7 - (4 + 773)). Let b = -757 - s. Calculate the greatest common factor of p and b.
7
Let p = 6963 + -6794. What is the greatest common divisor of 221 and p?
13
Let l(y) = 4*y + 76. Let f be l(34). Suppose -2*z + 129 = 23. Calculate the highest common factor of z and f.
53
Let y = 87330 + -87328. Let f be 25 - ((-2 - -4) + -3). Calculate the highest common divisor of y and f.
2
Suppose 0*c + 2*c - 32 = 4*m, -8 = 2*m. Let h be (-16)/((0 - (-6)/(-156))*1). What is the greatest common factor of c and h?
8
Let l be 313*(0/20 + (-2)/(-2)). Let a = l - 305. What is the greatest common divisor of a and 328?
8
Let z(n) = 149*n**2 + 67*n + 68. Let x be z(-1). Calculate the highest common divisor of x and 1005.
15
Let l(t) = 2*t**3 - 15*t**2 + 3*t + 24. Let g be l(7). Let c = -2 - -7. Let n = c - g. Calculate the highest common factor of 1 and n.
1
Suppose b + 4 = 116. Calculate the highest common factor of b and 308.
28
Suppose 26*j - 11396 = -0*j - 11*j. What is the highest common divisor of j and 33?
11
Suppose -3*l + 12 = x, 5*l - 19 - 1 = 0. Suppose k - 26 = -x*k. Suppose 2*s - 16 = -3*i, -2*i + 4*i + k = 2*s. What is the highest common divisor of 33 and s?
11
Let b(j) = -3*j - 30. Let r be b(-6). Let w(f) = -f**3 - 8*f**2 + 15*f - 16. Let k be w(r). Calculate the greatest common divisor of 20 and k.
20
Let z(q) = -4*q**3 - 11*q**2 - q + 16. Let y be z(-5). Calculate the greatest common factor of y and 48.
6
Let p be 5 + 646/68 + 2/(-4). Suppose -338 = -5*l - 3*z, 4*z - 64 + 10 = -l. Calculate the greatest common factor of p and l.
14
Let r(o) = 4*o**2 + 16*o - 41. Let b be r(11). Let k = b - 535. Calculate the greatest common divisor of k and 60.
12
Let h(c) = c**3 - 28*c**2 - c + 30. Let y be h(28). Suppose x = -y*r + 9, -r - r = 8. What is the highest common divisor of 595 and x?
17
Let u = 57 + 5160. Calculate the greatest common divisor of u and 111.
111
Let n(l) = 8*l + 4088. Let q be n(-123). What is the greatest common factor of 582 and q?
194
Let a be ((-4)/20)/(8/(-80)). Suppose 1330 = 5*l + c, -a*l + 3*l + 3*c = 280. Calculate the highest common divisor of 106 and l.
53
Suppose 4*d - 23 + 7 = 2*b, b = 0. Suppose 5*c + v - 39 = 48, 5*v - 3 = -c. Calculate the greatest common factor of c and d.
2
Let n(y) = 1237*y - 5963. Let s be n(5). What is the greatest common factor of s and 18?
6
Let p(a) = a**3 - 7*a**2 - 2*a. Let o be p(8). Let k = 16 + o. What is the greatest common divisor of k and 16?
16
Let d(l) be the third derivative of -l**5/60 - 3*l**4/8 + l**3/6 + 19*l**2. Let n be d(-5). What is the highest common factor of 7 and n?
7
Let o be 6/(-4) - 26/(-4). Suppose -8*r + 124 = -716. Suppose -3*v + 0*v = -r. Calculate the greatest common factor of o and v.
5
Suppose -4*z + 173723 - 23807 = -4*m, 5*z - 187365 = -m. What is the highest common divisor of z and 82?
82
Suppose -y = 4*l - 19, -l - 33 = -2*y + 23. Suppose 3*g = -4*b + 1206, 4*b = g + 1499 - 317. Calculate the greatest common factor of y and b.
27
Suppose 0 = 2*f - 0*f + 8, 4*k - 2*f + 80 = 0. Let m be k/(-3) - (-8)/12. Let s = 9107 + -9091. What is the greatest common factor of m and s?
8
Let r(q) = 24*q - 95. Let f(l) = -8*l + 33. Let n(m) = 17*f(m) + 6*r(m). Let s be n(4). Calculate the highest common factor of s and 46.
23
Suppose 7*b - 6743 = 7740. Suppose 9*a - 1441 = b. What is the greatest common divisor of a and 52?
26
Let r = -7966 + 8092. What is the highest common divisor of r and 3066?
42
Suppose 138*f - 297926 = 267322. Calculate the greatest common divisor of 64 and f.
64
Let z(n) = -n**3 - 10*n**2 - 4*n - 25. Let o be z(-11). Suppose 0 = 4*u - 38 - 2. Let h be 10/(-50) + 202/u. Calculate the greatest common factor of h and o.
20
Let o = -239 - -248. Suppose 2*s - q - o = 46, -q = -s + 27. Suppose -5 = p - 2*p, -p = 5*w - 285. What is the greatest common divisor of s and w?
28
Let l(q) = 4107*q**2 - 12*q + 9. Let p be l(1). Calculate the greatest common factor of p and 152.
152
Suppose 1066 = -56*b + 25*b + 72*b. Calculate the highest common divisor of 23673 and b.
13
Suppose 41674 = 81*t + 14701. Calculate the highest common factor of t and 12.
3
Let z = 146 + -109. Suppose -16*c = -245 + z. What is the greatest common factor of 117 and c?
13
Suppose 0 = 7*k - 436 + 366. Let h be 20/(-6)*(-75 + 6). Calculate the highest common factor of h and k.
10
Suppose 1884 = 11*u - 7*u. Suppose -475*y + u*y + 216 = 0. What is the greatest common divisor of y and 243?
27
Let a(s) = 44*s + 822. Let w be a(9). Calculate the greatest common factor of w and 21.
21
Let z = -463 - -493. What is the greatest common factor of 462 and z?
6
Let u(z) = 8*z**2 + 30*z - 210. Let f be u(28). What is the highest common factor of f and 116?
58
Let s be 32 + (-5 - 0) + (13 - 7). Calculate the greatest common divisor of 5709 and s.
33
Let s(k) = 42*k + 22. Let l be s(-8). Let a = 490 + l. What is the greatest common factor of 11 and a?
11
Let a = -2 - -9. Suppose -69*k - 394 = -73*k - 5*j, 2*k - 152 = 5*j. Calculate the highest common factor of a and k.
7
Let k(o) = 16*o - 2263. Let v be k(143). What is the greatest common divisor of 8575 and v?
25
Let x(w) = -37*w - 37. Let d = -227 - -213. Let s be x(d). Calculate the highest common factor of 37 and s.
37
Let l(y) = 2*y**2 + 5*y + 4. Let b = 59 - 61. Let t be l(b). Suppose -w - 135 = -5*h, 4*h - t*w = 122 - 14. Calculate the highest common divisor of h and 81.
27
Let j be ((-414)/72)/(2/(-16)). Let g be (-10)/50 - (-198)/(-10). Let c = j - g. Calculate the greatest common divisor of 22 and c.
22
Let p be (1121 + 1)/17*1. What is the highest common factor of p and 6402?
66
Let a be (1 + (-2)/(-4))*2. Let c be (0 - -49) + -4 + a. Let k be (3 + -1)/((-7)/(-56)). What is the highest common factor of c and k?
16
Suppose -56 = -b - 3*d, 40*b - 42*b = -3*d - 121. What is the greatest common divisor of b and 7493?
59
Let y = 115722 - 115470. Suppose 0 = -4*r + 33 + 79. What is the greatest common divisor of y and r?
28
Suppose -220*c + 5537 = -171*c. Calculate the highest common divisor of 3 and c.
1
Let c = 21058 - 20392. What is the highest common divisor of c and 180?
18
Let x be (-1365)/(-24) + (-13)/(-104). Let m = 20 - 64. Let n = m + x. Calculate the greatest common factor